20187?
1
What is the units digit of 1221059?
9
What is the thousands digit of 1189473?
9
What is the hundred thousands digit of 11568057?
5
What is the ten millions digit of 20163503?
2
What is the units digit of 1961752?
2
What is the tens digit of 1931612?
1
What is the hundreds digit of 1038290?
2
What is the ten thousands digit of 6235505?
3
What is the hundreds digit of 548248?
2
What is the hundred thousands digit of 121051?
1
What is the hundred thousands digit of 15022249?
0
What is the hundreds digit of 260175?
1
What is the thousands digit of 2699331?
9
What is the thousands digit of 8167361?
7
What is the tens digit of 361980?
8
What is the hundreds digit of 27443?
4
What is the hundred thousands digit of 259593?
2
What is the ten thousands digit of 273473?
7
What is the tens digit of 151962?
6
What is the hundreds digit of 2811719?
7
What is the hundreds digit of 934430?
4
What is the units digit of 31988?
8
What is the tens digit of 606330?
3
What is the units digit of 1127363?
3
What is the millions digit of 1223344?
1
What is the ten thousands digit of 130657?
3
What is the units digit of 62171?
1
What is the ten thousands digit of 5281291?
8
What is the ten thousands digit of 2662789?
6
What is the hundreds digit of 4534558?
5
What is the hundreds digit of 1660706?
7
What is the hundreds digit of 692064?
0
What is the units digit of 176169?
9
What is the ten thousands digit of 581258?
8
What is the tens digit of 979302?
0
What is the hundreds digit of 2961135?
1
What is the units digit of 509071?
1
What is the thousands digit of 16230996?
0
What is the thousands digit of 1380633?
0
What is the tens digit of 694743?
4
What is the thousands digit of 389694?
9
What is the units digit of 5211649?
9
What is the ten thousands digit of 4411974?
1
What is the hundreds digit of 277243?
2
What is the thousands digit of 1223661?
3
What is the hundreds digit of 1786795?
7
What is the hundreds digit of 942625?
6
What is the hundred thousands digit of 18630527?
6
What is the ten thousands digit of 9686909?
8
What is the thousands digit of 140407?
0
What is the units digit of 6084183?
3
What is the ten thousands digit of 3233082?
3
What is the hundreds digit of 3830271?
2
What is the hundreds digit of 6722699?
6
What is the thousands digit of 242457?
2
What is the hundreds digit of 6311905?
9
What is the thousands digit of 123510?
3
What is the hundreds digit of 449686?
6
What is the units digit of 172914?
4
What is the thousands digit of 252794?
2
What is the tens digit of 382139?
3
What is the ten thousands digit of 10263289?
6
What is the thousands digit of 61469?
1
What is the hundred thousands digit of 520145?
5
What is the tens digit of 335450?
5
What is the units digit of 2645436?
6
What is the millions digit of 1111274?
1
What is the thousands digit of 7093086?
3
What is the tens digit of 10864227?
2
What is the units digit of 418559?
9
What is the ten thousands digit of 640737?
4
What is the hundreds digit of 18015017?
0
What is the units digit of 161130?
0
What is the ten thousands digit of 13438?
1
What is the units digit of 2978134?
4
What is the units digit of 3751980?
0
What is the ten thousands digit of 317558?
1
What is the ten thousands digit of 50047?
5
What is the hundreds digit of 1779957?
9
What is the hundreds digit of 169392?
3
What is the thousands digit of 654735?
4
What is the ten thousands digit of 8447983?
4
What is the ten thousands digit of 18850625?
5
What is the units digit of 2854242?
2
What is the hundred thousands digit of 6826645?
8
What is the hundred thousands digit of 1394815?
3
What is the hundreds digit of 548721?
7
What is the ten thousands digit of 11724562?
2
What is the ten thousands digit of 11496150?
9
What is the ten thousands digit of 1512679?
1
What is the units digit of 2255973?
3
What is the thousands digit of 4817754?
7
What is the ten thousands digit of 49662?
4
What is the thousands digit of 418995?
8
What is the thousands digit of 7029115?
9
What is the hundred thousands digit of 632994?
6
What is the thousands digit of 7987853?
7
What is the units digit of 29294406?
6
What is the ten millions digit of 19208929?
1
What is the millions digit of 1872914?
1
What is the hundred thousands digit of 113306?
1
What is the units digit of 2400781?
1
What is the thousands digit of 24566932?
6
What is the tens digit of 13574157?
5
What is the hundred thousands digit of 3839982?
8
What is the hundred thousands digit of 187262?
1
What is the units digit of 50330?
0
What is the ten thousands digit of 11353326?
5
What is the hundreds digit of 59790?
7
What is the tens digit of 112882?
8
What is the tens digit of 152351?
5
What is the units digit of 1442793?
3
What is the thousands digit of 259073?
9
What is the hundred thousands digit of 8350455?
3
What is the units digit of 20563104?
4
What is the hundreds digit of 159200?
2
What is the tens digit of 9883451?
5
What is the millions digit of 2435204?
2
What is the hundreds digit of 266557?
5
What is the thousands digit of 1467735?
7
What is the thousands digit of 2177484?
7
What is the millions digit of 4723887?
4
What is the units digit of 2691502?
2
What is the hundred thousands digit of 316051?
3
What is the hundreds digit of 350707?
7
What is the millions digit of 16491597?
6
What is the hundred thousands digit of 5759607?
7
What is the thousands digit of 317606?
7
What is the hundreds digit of 25688?
6
What is the tens digit of 5063461?
6
What is the thousands digit of 47207?
7
What is the hundred thousands digit of 100167?
1
What is the hundred thousands digit of 111137?
1
What is the thousands digit of 2548044?
8
What is the ten thousands digit of 2428479?
2
What is the units digit of 5006478?
8
What is the millions digit of 3507686?
3
What is the ten thousands digit of 110409?
1
What is the tens digit of 1824236?
3
What is the ten thousands digit of 920970?
2
What is the hundred thousands digit of 285457?
2
What is the hundred thousands digit of 755113?
7
What is the tens digit of 6246711?
1
What is the ten millions digit of 16829340?
1
What is the ten millions digit of 18010519?
1
What is the millions digit of 1838365?
1
What is the hundreds digit of 1571508?
5
What is the units digit of 21950?
0
What is the ten thousands digit of 1863707?
6
What is the ten thousands digit of 1015487?
1
What is the hundred thousands digit of 101951?
1
What is the tens digit of 1879915?
1
What is the hundreds digit of 977578?
5
What is the millions digit of 2528766?
2
What is the ten thousands digit of 3247673?
4
What is the thousands digit of 1052084?
2
What is the hundred thousands digit of 3393135?
3
What is the hundreds digit of 3529483?
4
What is the ten thousands digit of 7261592?
6
What is the ten thousands digit of 586810?
8
What is the tens digit of 2247392?
9
What is the millions digit of 3509716?
3
What is the thousands digit of 3548286?
8
What is the millions digit of 2883231?
2
What is the tens digit of 135979?
7
What is the tens digit of 981937?
3
What is the tens digit of 139555?
5
What is the thousands digit of 7956805?
6
What is the hundreds digit of 3655784?
7
What is the ten thousands digit of 1164269?
6
What is the tens digit of 369137?
3
What is the thousands digit of 198236?
8
What is the units digit of 358962?
2
What is the ten thousands digit of 77093?
7
What is the thousands digit of 605569?
5
What is the ten thousands digit of 176564?
7
What is the hundred thousands digit of 9064232?
0
What is the tens digit of 370884?
8
What is the hundred thousands digit of 159523?
1
What is the ten thousands digit of 3939195?
3
What is the ten thousands digit of 504044?
0
What is the thousands digit of 59408?
9
What is the hundreds digit of 9930513?
5
What is the tens digit of 3064239?
3
What is the millions digit of 1671956?
1
What is the millions digit of 5841999?
5
What is the hundred thousands digit of 670288?
6
What is the tens digit of 430152?
5
What is the units digit of 11922074?
4
What is the thousands digit of 1112109?
2
What is the thousands digit of 7150032?
0
What is the ten thousands digit of 7531591?
3
What is the tens digit of 681036?
3
What is the tens digit of 4073241?
4
What is the hundred thousands digit of 2354312?
3
What is